 44*i - 2*u - 102, 0 = i - 3*u - 23. Calculate the greatest common factor of i and 340.
20
Suppose 5*z - 2*z - 54 = 0. Let y(o) = -14*o - 3. Let x be y(4). Let h = x + 68. What is the greatest common factor of z and h?
9
Let b(d) = 3*d**2 + 5*d - 1. Let h(c) = -6*c + 2. Let a be h(2). Let i be (-2 - a)*(-1)/2. Let v be b(i). What is the greatest common factor of 9 and v?
9
Let r(u) = -u**2 - 2*u. Let v be r(0). Let k(y) = y**3 + y**2 + y + 279. Let t be k(v). Calculate the highest common divisor of 31 and t.
31
Let u = -14 + 16. Suppose z + 2*p = 3, 5*p = -0*z - u*z + 6. Suppose -5*s = -d - 90, 6*s - 71 = z*s + 4*d. Calculate the highest common factor of 68 and s.
17
Suppose -8160 = -5*t - 19*t. Calculate the greatest common divisor of 272 and t.
68
Let r be (-2 + 1)/(3/(-99)). Let g = r + -21. Suppose -b = 3*b - 12. Calculate the greatest common divisor of g and b.
3
Let a be -6 + 29 + -3 + 4. Calculate the highest common divisor of 1032 and a.
24
Suppose -2*m + 36 = -20*g + 24*g, 0 = -m + 3*g - 7. What is the greatest common factor of 256 and m?
8
Suppose -20*j = -16*j + 3*q - 20, -8 = -2*q. Let x = -6 - -11. Suppose -4*v = 3*n - 41, -v + 19 = x*n - 4. What is the greatest common factor of v and j?
2
Suppose -7*q = -3*q + 28. Let f = 12 + q. Let v be (-5)/(20/(-12)) - -2. Calculate the greatest common divisor of v and f.
5
Let w be 12/20 - 2/(-5). Suppose -4*f + w + 3 = 0. What is the greatest common divisor of f and 5?
1
Let m(h) = 2*h**3 + 4*h**2 + 14*h - 8. Let q be m(5). Calculate the highest common factor of 927 and q.
103
Let n be 1497 - 56/24*3. Calculate the highest common divisor of 10 and n.
10
Let z be ((-9)/6)/3*0. Let y(f) = -f + 23. Let s be y(z). Suppose 5*h + o = 1266, 4*h - 1269 = -h - 4*o. Calculate the greatest common divisor of s and h.
23
Suppose 96 = 8*j - 4*j. What is the greatest common divisor of j and 40?
8
Suppose -6*u + 965 = -565. What is the highest common divisor of u and 340?
85
Suppose -3*j = -s - 983 - 231, 2*j + s - 811 = 0. Suppose 3*g - j = -2*g. Calculate the highest common divisor of g and 9.
9
Let s = -131 - -281. Let y be (5/((-30)/22))/((-2)/s). What is the highest common divisor of 25 and y?
25
Suppose -6*a = -7 - 11. Suppose 2*u - 4*u = -66. Calculate the greatest common factor of u and a.
3
Let r = -19 + 35. Suppose -12*f - 4*g = -16*f + 112, g - 44 = -2*f. What is the highest common factor of f and r?
8
Let q be ((-241)/(-9) - -2) + 134/603. Let o = 100 + -71. What is the greatest common divisor of q and o?
29
Let u be (2 + -2)/((-4)/(-2)). Suppose f + u*f = 3. Suppose 5*q - 37 - f = 0. Calculate the greatest common factor of 20 and q.
4
Let k be (-5)/(-20) + 23/4. Let n = 36 + -25. Suppose j + n - 17 = 0. What is the highest common divisor of j and k?
6
Let j be (6/4)/((-9)/(-30)). Suppose 0 = j*z - 5*v - 25, z + z + 4*v = -8. Suppose 3 = -z*o + 15. Calculate the highest common divisor of o and 9.
3
Suppose 23 + 16 = 3*c. Let b = c - 13. Suppose b = -s + 5*s + 3*l - 21, l - 17 = -3*s. Calculate the greatest common divisor of 48 and s.
6
Suppose 0 = -0*g + 2*g + 6. Let i be (1 - -1) + (g - -12). What is the greatest common factor of i and 44?
11
Suppose -24*z + 791 + 1 = 0. What is the highest common divisor of 825 and z?
33
Let n = -73 + 80. Suppose 2*u - n = 13. What is the greatest common factor of 20 and u?
10
Suppose -5*o + 476 = -1169. What is the highest common divisor of 141 and o?
47
Let b be 52 + (8/5 - (-15)/(-25)). Calculate the highest common factor of 212 and b.
53
Let r(l) = l**3 - 12*l**2 + 2*l + 5. Suppose 4*z - z + 2*c = 36, -48 = -4*z + 4*c. Let k be r(z). Calculate the greatest common divisor of 87 and k.
29
Suppose -5*u + 148 = 3*d, 4*d - 26 = -5*u + 123. Calculate the highest common factor of u and 145.
29
Let h = -104 + 221. Suppose 2 = -5*a + 67. What is the greatest common divisor of a and h?
13
Let v = -379 + 387. What is the highest common divisor of v and 36?
4
Suppose 6*l - 2*l = 96. Let h be (54/l)/(1/4) + -3. What is the greatest common divisor of h and 15?
3
Let r = 320 - 298. What is the greatest common factor of r and 110?
22
Let c = -959 + 1103. Calculate the greatest common factor of 180 and c.
36
Let t = 246 + -206. Calculate the highest common factor of t and 16.
8
Let n = 309 - 156. Suppose 0*s = 4*s + 16. Let o(k) = -5*k - 3. Let p be o(s). What is the highest common factor of n and p?
17
Let m be 1365/10*(2 - (-4)/(-6)). Calculate the greatest common divisor of m and 104.
26
Let z(t) = 6*t**2 - 9*t + 15. Let b be z(2). Suppose -i + m + 46 = 0, 20 = 3*m - 8*m. What is the greatest common divisor of i and b?
21
Let f(u) be the first derivative of -u**3/3 - 7*u**2 + 25*u + 20. Let l be f(-15). Calculate the highest common factor of 20 and l.
10
Suppose 2*d = 3*n + 65, 3*n + 15 = -d + 43. Let k = d - -37. What is the highest common factor of k and 17?
17
Let p = 343 - 320. What is the greatest common factor of p and 575?
23
Let l(s) be the second derivative of -s**3/2 - s**2/2 - 4*s. Let d be l(-2). Let u(i) = 17*i. Let y be u(d). What is the greatest common divisor of y and 34?
17
Let i(r) = 4*r + r**2 + 2 + 1 + 1 - 18. Let p be i(-14). Calculate the highest common divisor of p and 18.
18
Suppose -2 = 2*u - 18. Let f be u - -10 - (-3 - -1). Let y = 451 + -311. What is the highest common divisor of f and y?
20
Suppose 0 = -y + 3*u + 18, -2*y + 5*u = 2 - 37. Let b = -78 + 10. Let m = 128 + b. Calculate the highest common factor of m and y.
15
Let l = 7 + -3. Let h(j) = 2*j + 8. Let c be h(l). Suppose 4*v - 48 - 48 = 0. What is the greatest common divisor of v and c?
8
Let m be -46*(15/60 - 5/4). Calculate the highest common divisor of 253 and m.
23
Let b be -3 + 10/(-5 - -7) + 75. What is the highest common factor of b and 11?
11
Let r(a) = 4*a - 9. Let h be r(6). Suppose 9*m - 14*m + 4*l + 30 = 0, 2*l = 10. Calculate the highest common divisor of h and m.
5
Let o(k) = 2*k**2 + 9*k - 17. Let j be o(-7). What is the greatest common factor of 72 and j?
18
Suppose 3*g = -2*f + 53, 3*f - 2*g = -6*g + 82. What is the greatest common divisor of f and 170?
34
Let s(m) = 15*m**2 - m + 11. Let w be s(-4). Calculate the highest common divisor of w and 15.
15
Let k be 4*-354*(-3)/72. What is the highest common divisor of k and 1593?
59
Let i(v) = 6*v**3 - 7*v + 1. Let u be i(-3). Let a = -82 - u. What is the greatest common divisor of a and 29?
29
Suppose 0 = -2*z - 18*z + 21460. Calculate the greatest common factor of z and 37.
37
Let x be -7 - (6 + -124) - -1. What is the greatest common divisor of 392 and x?
56
Let y = 2954 + -1227. Calculate the greatest common factor of y and 11.
11
Let z be 9/(-36) + 161/4. Let t be (32/z)/((-2)/(-120)). Suppose 3*x + 0*x - t = 0. Calculate the greatest common divisor of x and 112.
16
Suppose -5*a + 485 = 5*q, -3*q - 2*q + 457 = -2*a. What is the highest common factor of q and 124?
31
Let b = -40 - -108. Let v = -135 - -152. Calculate the greatest common divisor of v and b.
17
Suppose 70*k = 20*k + 137500. What is the greatest common divisor of k and 100?
50
Let a = 39 + 21. What is the greatest common divisor of 36 and a?
12
Let k be (-4)/18*69*(-1128)/16. What is the highest common factor of k and 23?
23
Suppose 5*d = 2*r - 53, 12*d = -3*r + 16*d + 62. Suppose -4*m + 26 = 3*x - 12, -4*m - 74 = -5*x. What is the greatest common divisor of r and x?
14
Let s be 2/8 - 838/(-8). Let f(z) = -z**3 + 2*z**2 + 7*z + 7. Let a be f(4). Suppose -4*h + 15 = -a*h. Calculate the greatest common divisor of h and s.
15
Suppose -1 = n - 64. Let a = 58 - 52. Let r(u) = -u**3 + 4*u**2 + 13*u + 1. Let x be r(a). Calculate the greatest common divisor of n and x.
7
Let h be 14 + (-2 - (0 + -2) - -4). Let y = h - -18. Calculate the greatest common factor of 8 and y.
4
Suppose -20 = -2*k - 102. Let r = k - -55. What is the greatest common factor of 2 and r?
2
Let v(u) = -u**3 + 26*u**2 - 25*u + 2. Let i(d) = -d**2 - 13*d - 15. Let r be i(-8). Let w be v(r). What is the highest common divisor of w and 16?
2
Suppose -4*w = 2*d + 12, -8 = 3*w + 3*d + 1. Let y be (-24)/16*4/w. What is the highest common divisor of 14 and y?
2
Let j = -62 + 102. What is the highest common factor of j and 100?
20
Suppose 5*n + 3*z - 738 = 0, 0 = -2*n + 4*z + 83 + 233. Supp